r when 2026 is divided by t(-6).
2
Suppose -7 - 34 = -n. What is the remainder when ((-1832)/(-24))/(1/2) - (-2)/(-3) is divided by n?
29
Let t = -373 + 387. Let v be 3/5 + 44/10. Suppose -4*d + v*x = -0*d - 180, -d - x + 54 = 0. What is the remainder when d is divided by t?
8
Let m = 5881 - 5860. Calculate the remainder when 428 is divided by m.
8
Let i = -411 + 208. Let g = 209 + i. What is the remainder when 36 is divided by g?
0
Let w be ((3 - 2) + -3)*(1 - -23). Let i = 0 - w. What is the remainder when 190 is divided by i?
46
Suppose 4*h - 4*n - 154 = -5*n, -5*n = -3*h + 104. Suppose -4*l + 85*o - 84*o = -30, -2*o = l + 6. Calculate the remainder when h is divided by l.
2
Suppose -9 - 75 = -3*q. Suppose x + 297*w = 299*w + 60, -5*x + 248 = 3*w. Calculate the remainder when x is divided by q.
24
Let g(c) = -c**3 - 10*c**2 + 10*c. Let x be g(-11). Let y(r) = r - 2. Let u = 428 + -422. Calculate the remainder when y(x) is divided by u.
3
Let j(l) = 3*l - 20*l - 3*l - 35*l**3 + 7*l - 25 + 2*l - 2*l**2. What is the remainder when j(-2) is divided by 91?
87
Suppose -7 = -198*s + 199*s, -4*s - 100 = -k. What is the remainder when 1219 is divided by k?
67
Let p be 0/(-4 - 4/(-2)). Let d be 1617/(-2)*(-52)/78. Suppose -l - 10*l + d = p. What is the remainder when l is divided by 13?
10
Suppose 9*r - 210 = 6*r - 4*f, -4*r - 5*f + 279 = 0. Calculate the remainder when 1382 is divided by r.
62
Let l(p) = -4*p**2 + 27*p - 11. Let y be l(6). Calculate the remainder when 9 is divided by (-4)/y - 80/210*-12.
1
Let z be ((-20)/(-12) + -2)*-6. Suppose -z*f + 7 - 3 = 0. Suppose -49 = -f*l + 11. Calculate the remainder when 57 is divided by l.
27
Suppose 0 = -2*d - 12, -1894 = -5*y - 2*d + 5024. Calculate the remainder when y is divided by 24.
18
Let m = 1 + 1. Suppose -v = -2*v - 2*d - m, 0 = 3*v + 2*d - 10. Let w = -22558 - -22585. Calculate the remainder when w is divided by v.
3
Let c(f) = 10*f**2 - 16*f + 38. Let l be c(3). Suppose 162 = -l*b + 98*b. Calculate the remainder when (4/(-2) - -1)*-17 is divided by b.
8
Suppose 7*i - 11*i - 77 = -5*q, -91 = -5*q + 2*i. What is the remainder when 7935 is divided by q?
18
Let q(p) = 2*p**2 + 23*p + 29. Let u be q(-8). Let b(a) = a + 102. Calculate the remainder when b(u) is divided by 26.
23
Suppose 210*r - 379*r + 816 = -1043. Calculate the remainder when 12891 is divided by r.
10
Let c(k) = k**2 - 2*k + 3. Let w be c(0). Suppose n - w*l = -20, 3*l = -9 - 0. Let m = n - -30. What is the remainder when 1 is divided by m?
0
Suppose -m = 3*h - 0*m - 8, -5*m + 6 = -2*h. Suppose -8 - 42 = -2*t. Suppose h*y + t = 3*y - 3*z, 4*z = -20. What is the remainder when y is divided by 3?
1
Let y(m) = m**2 - 6*m - 1. Let z = -45 + 40. Let w(g) = g + 19. What is the remainder when y(z) is divided by w(-5)?
12
Let c be (2/3)/(25/(-4275)). Let d = c - -130. Suppose t = 4*r + 91, r = t + 11 - 105. What is the remainder when t is divided by d?
15
Suppose w + 6*w - 4179 = 0. Calculate the remainder when w is divided by (80/(-6))/(9 + (-308)/33).
37
Suppose 2*r = -3*u + r + 1859, 1236 = 2*u + 4*r. Calculate the remainder when -2 - (0 + (-5)/(25/u)) is divided by 25.
22
Let n(f) = 50*f**2 - 73*f - 610. What is the remainder when n(-7) is divided by 49?
48
Let l(o) = 698*o - 589. Calculate the remainder when 543 is divided by l(1).
107
Let p(o) = -3*o**2 - 65*o + 107. Calculate the remainder when p(-15) is divided by 71.
52
Let m be 3984/(-51) - -1 - 34/(-289). Let q = m + 532. Calculate the remainder when q is divided by 8.
7
Let u(a) = 1125*a + 2315. What is the remainder when u(-2) is divided by 49?
16
Let f = -1334 - -1637. What is the remainder when f is divided by 9?
6
Let s = -11 - -60. Suppose -a - 4 + 29 = 3*m, -5*m - s = -4*a. Suppose 0 = 5*z - 9 - 11. What is the remainder when a is divided by z?
0
Let p(d) = 10*d**2 + 17*d + 31. Let m be p(-2). Suppose 8*f - 27 = m. Let w(j) = -9*j - 3. What is the remainder when w(-7) is divided by f?
4
Let d(g) = 158*g**2 - 44*g + 225. What is the remainder when d(6) is divided by 25?
24
Let j = -20997 - -21071. Calculate the remainder when 1467 is divided by j.
61
Suppose -l - 3*v = -55, 3*l - 192 = -l + 2*v. Suppose 6*k = 215 + l. Let o = -1085 - -1167. Calculate the remainder when o is divided by k.
38
Let v be 1 - 2 - (-1 + 0). Suppose 0 = 3*u + 2*d - 16, 0 = 3*d - d + 2. Calculate the remainder when u is divided by v + 3 - (0 - 1).
2
Suppose 99 = 2*l + c, -13*l = -16*l - 3*c + 153. Suppose 5*o + 27 = -133. Let k = -19 - o. Calculate the remainder when l is divided by k.
9
Suppose -4*o + 55 = -33. Let g be -13 + 1 + (-7 - -4). Let s = g + o. Calculate the remainder when 19 is divided by s.
5
Suppose 66*c - 63*c = 0. Suppose -3*u + 40 + 50 = c. What is the remainder when u is divided by 18?
12
Suppose 29*t = 6*x + 30*t - 12567, 0 = -2*t - 6. What is the remainder when x is divided by 1044?
7
Suppose 0 = -4*u - 4*h + 197 + 99, -4*h + 16 = 0. Suppose 26 = 4*w + 5*b, 5*w = -26*b + 27*b + 47. Calculate the remainder when u is divided by w.
7
Suppose 228*n + 20719 - 897348 + 23225 = 0. What is the remainder when n is divided by 107?
105
Let h(b) = -13*b - 120. Calculate the remainder when (-40)/(-6)*(-2322)/(-45) is divided by h(-16).
80
Let z(q) = 231*q + 931. Suppose v + 88 = 3*v. Suppose -5*m = -5*a - 70, -3*m + v = -2*a + 5. Calculate the remainder when m is divided by z(-4).
4
Let t be -4 + 0 + (-27)/(-3). Calculate the remainder when t/(-10)*(0 - 8) is divided by (18/(-8))/(-3)*44/11.
1
Let y = 8 - 9. Let b = y - 9. Let l(p) = p**2 + 8*p + 21. What is the remainder when l(b) is divided by 11?
8
Let h = -7 - -13. Let i(g) = -19*g**2 - 723*g - 3982. What is the remainder when i(-7) is divided by h?
4
Let z(d) = -d**2 - 3*d + 5. Let o be z(-4). Let f = -22455 + 22473. Calculate the remainder when (0 + o)*(46 - -5) is divided by f.
15
Let w = 4172 - 4087. What is the remainder when w is divided by ((-86)/(-6))/((-2)/(-6))?
42
Suppose 7*g = -4*g + 209. Let f = g - -8. What is the remainder when 97 is divided by f?
16
Calculate the remainder when 365 is divided by (-2)/9 + 194880/2160.
5
Suppose 0 = w - 3*r - 2016, 1294*w - r = 1296*w - 4004. Calculate the remainder when w is divided by 6.
0
Suppose 3*y + 2*n = 19, -4*y + 5*n + 30 = 3*n. Suppose 0 = y*d - 7. Suppose -5*o + d = -24. What is the remainder when 12 is divided by o?
2
What is the remainder when 1481 is divided by (2 + (-44)/(-6))/(67/201)?
25
Suppose -3*r + 2*v = -336, 5*v = 2*r + 7*v - 214. Calculate the remainder when 375 is divided by 3210/r + 1/((-11)/2).
27
Suppose 458 = -998*c + 1000*c - 5*o, -2*c - 2*o = -416. What is the remainder when 1279 is divided by c?
209
Suppose o = -2*d + 3313, 4*o = -24*d + 19*d + 13243. What is the remainder when o is divided by 77?
73
Let q(p) = 3*p**2 + 10*p + 7. Let g(i) = i**2 - 14*i - 19. Let d be g(15). Calculate the remainder when 223 is divided by q(d).
13
Let u be -4 - ((-1176)/(-6))/2. Let g = 131 + u. What is the remainder when 115 is divided by g?
28
Let d(t) = 12*t**2 + 4. Let i = 18 - 20. Calculate the remainder when d(i) is divided by 18.
16
Let x(v) = -v**2 + 10*v - 5. Let q be x(4). Suppose q*h = 24*h - 165. Suppose 2*b - 31 - h = 0. What is the remainder when 62 is divided by b?
30
Suppose 3*h + 4575 = -3*p, h - 4*h + 2*p = 4585. Let c = 2257 + h. Suppose 9*u + c = 14*u. Calculate the remainder when u is divided by 37.
35
Suppose j = -2*h + 51, 0 = 13*j - 8*j + 3*h - 290. Calculate the remainder when 4024 is divided by j.
59
Suppose -12*l - 90 = -15*l. Suppose 6*w + l = 11*w. Suppose w*b - 204 - 24 = 0. Calculate the remainder when b is divided by 10.
8
What is the remainder when 2396 - 10/((-280)/(-12))*14 is divided by 794?
8
What is the remainder when 248 is divided by (-8000)/(-96) + 3 + 12/(-9)?
78
Let i = -3993 + 4132. Calculate the remainder when i is divided by (-2 - -2 - -2) + 33.
34
Let g(a) = -43*a - 622. Suppose -532 = -4*f + 180. What is the remainder when f is divided by g(-15)?
17
Let n(j) = 3*j**2 + 14*j - 26. Suppose 7*f - 6*f = -454. Let h = f - -668. Calculate the remainder when h is divided by n(3).
42
Let h(f) = 0*f + 3 - 1 + f. Let b be h(0). Suppose 3*r - 34 = b. What is the remainder when 69 is divided by r?
9
Let i(c) = 13*c**3 - 139*c**2 - 21